 49*l**2. Calculate g(0).
-4
Let r(f) = -3*f - 10. Let h(k) = -6*k + 18*k + 0*k + k + 39. Let u(n) = 2*h(n) + 9*r(n). Suppose 75 = -14*q - q. Give u(q).
-7
Let f(o) = -o**2 - 6*o - 5. Let w be -1 + 12*-3 + -4. Let n = 44 + w. Suppose -5*m = -4*q + 36, -n*q = 2*m - 6 + 2. What is f(m)?
3
Let q = -299 - -293. Let z be (q + 12)/(-12)*-6. Let y(p) = p**3 - 6*p**2 - p + 2. Give y(z).
-28
Let h(o) = -12*o - 24. Let j be (6/9)/(((-1032)/27)/(-8) - 5). Calculate h(j).
12
Let x(a) = 1623*a**3 - 4898*a**3 + 1622*a**3 - 6*a**2 + 4 + 1654*a**3. Suppose 6 = -0*s + s. What is x(s)?
4
Let k(a) = a**3 - 27*a**2 + 38*a - 319. Let c be k(26). Let t(b) = -b + 10. Give t(c).
17
Let p = 178 + -102. Let a = 83 - p. Suppose o + 2*t = 7, 2*o - a*o + 7 = 3*t. Let u(l) = -13*l**3 - 2*l**2 + 1. Determine u(o).
12
Let v(h) be the third derivative of -2*h**4/3 - 82*h**3/3 - 220*h**2. Give v(-10).
-4
Let c(o) = -o**3 - 17*o**2 + o - 13. Let g be 5146/(-465) + (-2)/(-30) - 6. Give c(g).
-30
Let v(x) = -8*x**2 + 38043 + 5*x**2 - 31*x - 38013. Give v(-11).
8
Suppose 2*x - 3*z - 10 = -30, -4 = -2*z. Let l(q) = 10*q**2 + 20*q + 20. Let p(h) = 7*h**2 + 14*h + 13. Let v(u) = 5*l(u) - 7*p(u). Give v(x).
44
Suppose 8*j = j + 7 - 21. Let z(f) = -9*f - 4. Give z(j).
14
Let t(j) be the first derivative of -9/2*j**2 + 10/3*j**3 + 137 + 12*j + 1/4*j**4. What is t(-11)?
-10
Let h(g) = -4*g**2 - 5*g - 10. Let s = 1107 + -1109. What is h(s)?
-16
Let s = 179 + -177. Suppose -2*h = -4*k + s*k - 20, 40 = 5*h - 3*k. Let a(y) = -y + 9. Give a(h).
4
Let x(k) = -k**2 + 16*k + 18. Suppose 3*n = 4*z + 24, 0 = -5*n - 17*z + 13*z + 104. What is x(n)?
18
Let n be 131/6 + (-3)/(-18). Let a = -20 + n. Suppose -2*v - 39 = 4*o - 5, -2*o = -2*v + a. Let y(x) = -x**2 - 6*x + 8. What is y(o)?
8
Let z(r) = -3108*r + 9332*r - 3108*r - 3117*r - 4 + 0. Suppose -6*v + 15 = -g - v, -15 = -5*g - 5*v. Suppose a - 1 = g, -5*t + 4*a - 5 = -1. Calculate z(t).
-4
Let v(s) = -6*s + 5*s - 22 + 4*s + 6 - 6*s. Determine v(-3).
-7
Suppose 21*j - 50 = 16*j. Let t(v) = 910*v + j - 909*v - 4. Let c(w) = w**3 - 3*w**2 + w + 2. Let i be c(2). What is t(i)?
6
Suppose 7*b + 20 = 3*b. Let p(l) be the second derivative of l**4/12 + 2*l**3/3 + 3*l**2 - l + 34. Let f(o) be the first derivative of p(o). Give f(b).
-6
Let k(v) = v**3 + 7*v**2 + 9. Suppose 11 = -f + 2*f - 3*g, 3*f = -g + 13. Let n(j) = -1 + j + 5*j**2 - f*j**2 - j**2. Let a be n(3). What is k(a)?
9
Let k(m) = -m + 1. Let p be k(-4). Let h(l) = 63*l + 1. Let w(t) = -129*t - 5. Let i(x) = 2*h(x) + w(x). Determine i(p).
-18
Let a(p) = p**3 + 3*p**2 + 15*p + 20. Let w(l) = l**2 - 50*l + 262. Let m be w(6). Calculate a(m).
-6
Let x(a) = -79*a**2 + 2*a + 1. Let l = -6995 + 6994. Calculate x(l).
-80
Let c(z) = -4*z - z - z**2 - 1 - z. Let u(w) = -20*w**2 - 119*w. Let i be u(-6). Calculate c(i).
-1
Suppose -w - 9 = 2*q, 8 - 45 = 2*q - 3*w. Let d(k) = k**3 + 8*k**2 + 7*k + 20. Calculate d(q).
-36
Let j = 161 - -218. Let h = 372 - j. Let z(t) = 7 + 9 + 9*t - 8*t - 2. What is z(h)?
7
Let x(t) = -10*t - 16. Suppose -44*j - q = -39*j + 1, j - 3 = 3*q. Give x(j).
-16
Let d(w) = -w**3 - 5*w**2 + 5*w + 5. Let m be -5 + (-6 - -9) + -3. Let i(u) = u**2 + 9*u + 3. Let x be i(-7). Let j = x - m. What is d(j)?
11
Let p(f) = -1 - 46*f - 39*f + 133*f - 43*f. Let v(o) = -5*o + 2. Let q(d) = -3*p(d) - 2*v(d). Suppose 0 = c + 2*c + 3. Give q(c).
4
Let b(v) = v - 7. Let i(y) = -y + 8. Let d(p) = -5*b(p) - 4*i(p). Let u = -553 + 542. Calculate d(u).
14
Let x(c) be the first derivative of c**3/3 + 6*c**2 - 20*c - 477. Determine x(-11).
-31
Let z(h) = -5*h**2 + 3*h - 1. Let j(w) = -13*w**2 + 8*w - 3. Let i be (-8)/(-3*(-4)/(-12)). Let d(c) = i*z(c) - 3*j(c). What is d(2)?
-3
Suppose 4*w - 134*w + 355 = 225*w. Let j(r) = 3*r**3 - r**2 - 4*r + 4. Determine j(w).
2
Let w(d) = -5*d**2 + 11*d - 6. Let y(g) = -g**2 + g. Suppose 3*q + 4*p = -4, -5*q - 3*p + 2*p = -16. Let v(m) = q*y(m) - w(m). What is v(6)?
0
Let q(u) = u**3 - 9*u**2 - 18*u - 47. Let j be q(11). Let d(s) = -5*s - 7. Let t(r) = -r**2 + 25*r + 37. Let b(c) = 11*d(c) + 2*t(c). Calculate b(j).
-6
Suppose -3*q - 12 = 0, 0*q + 5*q = 5*t - 10. Let z be 4/6*483/46. Let o(a) = -z*a - a**3 - 4 + 6 + 0*a**2 + 9*a + 3*a**2. Determine o(t).
18
Let n(i) be the first derivative of 5*i**2 + 10*i - 3379. Calculate n(-10).
-90
Let s be ((-5)/(-20))/((-3059)/1012 - (-6)/2). Let j(o) = 5*o + 36. What is j(s)?
-19
Suppose a - 2 = -4. Let t = a - 4. Let u(b) be the second derivative of -b**4/12 - 7*b**3/6 + 2*b**2 - 6*b - 1. Determine u(t).
10
Suppose -4*m + 0*m = 2*c, 5*m - 2*c = 0. Let w(z) be the first derivative of -z**3/3 + z**2/2 + 27*z + 28. Calculate w(m).
27
Let d be 3 - (-4 + (-10)/(-2)). Let g = -35 + 37. Let a(v) = -14*v**g + 43*v**2 - 14*v**2 - v - 16*v**d. What is a(-1)?
0
Suppose -2*h + h = 2*g + 13, -3*h - 3 = 0. Let l(u) be the first derivative of -2*u**2 - 6*u - 3226. Determine l(g).
18
Let p(l) = 2*l**3 - 2*l**2 - 2*l - 4. Let i be 1/((-95)/57*(-3 + (-28)/(-10))). What is p(i)?
26
Let n(m) = -56*m + 1511. Let o be n(27). Let z(j) = -j**2 + j - 1. Give z(o).
-3
Let z(w) = 5 - 95 - w + 33 + 52. Suppose -4*y + y = 0. Give z(y).
-5
Let d(f) = f**2 + 2*f - 14. Let t be d(3). Let x be -5 - 4 - (t + 1 - -3). Let u(a) = -a - 4. What is u(x)?
10
Suppose 180*v - 182*v + 18 = 0. Let j(g) be the third derivative of g**6/120 - 3*g**5/20 - g**4/8 + 13*g**3/6 + 42*g**2. What is j(v)?
-14
Let h(j) = 4*j**2 + 3*j + 117. Let n(v) = -9*v**2 - 5*v - 254. Let t(w) = 13*h(w) + 6*n(w). What is t(5)?
-8
Let c(k) = k**3 + 3*k**2 - k - 3. Suppose -3*f - 18 = -4*z, -168*f + 173*f + z + 7 = 0. Calculate c(f).
3
Suppose 13*q = 8*q + 15. Suppose -q*a = -n - 46, 2 = 2*n - 4*n. Suppose a = -2*d - 1. Let h(s) = -s**3 - 7*s**2 + 9*s + 11. Give h(d).
3
Let l(a) = a**3 + 8*a**2 + 2*a. Let j(m) = m**3 + 3*m**2 + m - 1. Let v = 395 - 393. Let f(c) = v*j(c) - l(c). Give f(3).
7
Let s(x) = -6*x**3. Let d(w) = w**3 - w**2 + 10*w - 23. Let l be d(2). What is s(l)?
-6
Let t(h) = -16*h**3 + 3*h**2 - 5*h - 3. Let v(o) = -5*o**3 + o**2 - 2*o - 3. Let i(r) = -t(r) + 3*v(r). What is i(2)?
0
Let x(t) = -t**2 + 11*t + 15. Suppose -j = 4*k + 15 - 18, -3*k - 15 = -5*j. Calculate x(k).
15
Let z(n) = -21*n - 37. Let x(l) = -77*l - 109. Let f(j) = -2*x(j) + 7*z(j). Determine f(17).
78
Let x(l) = l - 8. Suppose 13*u - 924 = 441. Let g = -99 + u. What is x(g)?
-2
Let m(o) = o**2 - 7*o - 5. Let a(v) = -v**2 - 7*v - 5. Let r be (4/12)/((-3)/(-9))*0. Suppose r = -2*k + 7*k - 25, 6 = -4*s - 2*k. Let q be a(s). What is m(q)?
-5
Let c = -42 - -49. Let h(l) be the first derivative of -2 - 11*l + 2*l**2 - 2 + c*l + 6*l. What is h(-2)?
-6
Let g(n) = 36*n - 3. Let c(b) = -12*b + 1. Let w(l) = -8*c(l) - 3*g(l). Let j = 29 - 25. Let i = j + -5. Give w(i).
13
Let z(g) = -406*g + 137*g + 133*g + 137*g - 21. Calculate z(13).
-8
Let q be (-2 + 3 - -1)*1. Let r = -52 - -55. Let a be 2/(q + 0)*r. Let h(m) = m**2 - 5*m + 4. Calculate h(a).
-2
Let i(s) = -10636 + 3*s - 4*s + 10622. Let z = 15 - 23. Give i(z).
-6
Let v(k) be the third derivative of -k**7/840 + 7*k**6/360 - k**5/24 - k**4/24 - 11*k**3/3 + 2*k**2. Let m(g) be the first derivative of v(g). Calculate m(6).
5
Suppose -116*r - 315 = -170*r - 51*r. Let z(d) be the third derivative of -43*d**2 + 0*d + 1/8*d**4 + 0 - 1/3*d**r. What is z(4)?
10
Suppose 4*y = -y - 5*z, -z = -2*y + 6. Let u(j) = 0 + 47*j - 45*j - y - 2. Calculate u(4).
4
Let x = 23 - 18. Let b(y) = -6*y**3 + 5*y**2 + 2*y. Let p(l) = l**3 - 1. Suppose -d + 8 + 2 = -2*o, 0 = -d. Let j(f) = o*p(f) - b(f). Determine j(x).
-5
Let q be 12/(171/12 - 8 - 7). Let f(h) = -2*h**2 - 30*h + 27. Calculate f(q).
-5
Let f = -6 - -5. Let w(l) = -2*l + 3*l + 5*l**2 - 16*l + 16*l + 1. Give w(f).
5
Let x(t) = 3*t - 8. Let s be x(12). Let u(f) = -s - 28 + f**3 - f + 58 - 6*f**2. Determine u(6).
-4
Let k(h) = h**2 + 1. Let m(y) be the third derivative of -y**6/120 + 3*y**5/20 + y**4/3 - 2*y**3/3 + 53*y**2. Let w(x) = 4*k(x) - m(x). Determine w(6).
-4
Let m = 147 + -145. Let u(l) = -l**m - 5 + 8*l - 28*l + 2*l + 3*l + 6*l. Determine u(-10).
-15
Suppose -93*o = -477*o + 11520. Let f(m) be the second derivative of 0 - 1/10*m**5 + 3/2*m**2 - o*m - 2/3*m**3 + 1/4*m**4. Give f(2).
-9
Let h = 614 - 611. Let m(u) = 3*u. Let